{"id":565,"date":"2026-03-12T12:59:02","date_gmt":"2026-03-12T11:59:02","guid":{"rendered":"https:\/\/elise-roy.fr\/?post_type=portfolio&#038;p=565"},"modified":"2026-03-12T13:05:00","modified_gmt":"2026-03-12T12:05:00","slug":"vitrines-de-noel","status":"publish","type":"portfolio","link":"https:\/\/elise-roy.fr\/index.php\/portfolio\/vitrines-de-noel\/","title":{"rendered":"Vitrines de No\u00ebl"},"content":{"rendered":"\n<p>Illustrations \u00e9ph\u00e9m\u00e8res au marqueur sur les vitrines des commerces de Chalonnes-sur-Loire (49) pour les f\u00eates de No\u00ebl.<\/p>\n\n\n\n<figure class=\"wp-block-embed aligncenter is-type-video is-provider-youtube wp-block-embed-youtube wp-embed-aspect-9-16 wp-has-aspect-ratio\"><div class=\"wp-block-embed__wrapper\">\n<iframe loading=\"lazy\" title=\"Vitrines de No\u00ebl \u00e0 Chalonnes-sur-Loire\" width=\"563\" height=\"1000\" src=\"https:\/\/www.youtube.com\/embed\/ejlGJssfkZw?feature=oembed\" frameborder=\"0\" allow=\"accelerometer; autoplay; clipboard-write; encrypted-media; gyroscope; picture-in-picture; web-share\" referrerpolicy=\"strict-origin-when-cross-origin\" allowfullscreen><\/iframe>\n<\/div><\/figure>\n","protected":false},"excerpt":{"rendered":"<p>Illustrations \u00e9ph\u00e9m\u00e8res au marqueur sur les vitrines des commerces de Chalonnes-sur-Loire (49) pour les f\u00eates de No\u00ebl.<\/p>\n","protected":false},"author":1,"featured_media":568,"menu_order":0,"comment_status":"closed","ping_status":"closed","template":"","format":"standard","meta":{"om_disable_all_campaigns":false,"_uf_show_specific_survey":0,"_uf_disable_surveys":false,"_vp_format_video_url":"","_vp_image_focal_point":{"x":0.3,"y":0.3},"_joinchat":[],"footnotes":""},"portfolio_category":[],"portfolio_tag":[],"class_list":["post-565","portfolio","type-portfolio","status-publish","format-standard","has-post-thumbnail","hentry"],"aioseo_notices":[],"_links":{"self":[{"href":"https:\/\/elise-roy.fr\/index.php\/wp-json\/wp\/v2\/portfolio\/565","targetHints":{"allow":["GET"]}}],"collection":[{"href":"https:\/\/elise-roy.fr\/index.php\/wp-json\/wp\/v2\/portfolio"}],"about":[{"href":"https:\/\/elise-roy.fr\/index.php\/wp-json\/wp\/v2\/types\/portfolio"}],"author":[{"embeddable":true,"href":"https:\/\/elise-roy.fr\/index.php\/wp-json\/wp\/v2\/users\/1"}],"replies":[{"embeddable":true,"href":"https:\/\/elise-roy.fr\/index.php\/wp-json\/wp\/v2\/comments?post=565"}],"version-history":[{"count":3,"href":"https:\/\/elise-roy.fr\/index.php\/wp-json\/wp\/v2\/portfolio\/565\/revisions"}],"predecessor-version":[{"id":572,"href":"https:\/\/elise-roy.fr\/index.php\/wp-json\/wp\/v2\/portfolio\/565\/revisions\/572"}],"wp:featuredmedia":[{"embeddable":true,"href":"https:\/\/elise-roy.fr\/index.php\/wp-json\/wp\/v2\/media\/568"}],"wp:attachment":[{"href":"https:\/\/elise-roy.fr\/index.php\/wp-json\/wp\/v2\/media?parent=565"}],"wp:term":[{"taxonomy":"portfolio_category","embeddable":true,"href":"https:\/\/elise-roy.fr\/index.php\/wp-json\/wp\/v2\/portfolio_category?post=565"},{"taxonomy":"portfolio_tag","embeddable":true,"href":"https:\/\/elise-roy.fr\/index.php\/wp-json\/wp\/v2\/portfolio_tag?post=565"}],"curies":[{"name":"wp","href":"https:\/\/api.w.org\/{rel}","templated":true}]}}

Vitrines de Noël

<p>Illustrations éphémères au marqueur sur les vitrines des commerces de Chalonnes-sur-Loire (49) pour les fêtes de Noël.</p>



<figure class="wp-block-embed aligncenter is-type-video is-provider-youtube wp-block-embed-youtube wp-embed-aspect-9-16 wp-has-aspect-ratio"><div class="wp-block-embed__wrapper">
<iframe loading="lazy" title="Vitrines de Noël à Chalonnes-sur-Loire" width="563" height="1000" src="https://www.youtube.com/embed/ejlGJssfkZw?feature=oembed" frameborder="0" allow="accelerometer; autoplay; clipboard-write; encrypted-media; gyroscope; picture-in-picture; web-share" referrerpolicy="strict-origin-when-cross-origin" allowfullscreen></iframe>
</div></figure>

<p>Illustrations éphémères au marqueur sur les vitrines des commerces de Chalonnes-sur-Loire (49) pour les fêtes de Noël.</p>
