{"id":533,"date":"2026-03-11T18:29:00","date_gmt":"2026-03-11T17:29:00","guid":{"rendered":"https:\/\/elise-roy.fr\/?post_type=portfolio&#038;p=533"},"modified":"2026-03-12T01:08:05","modified_gmt":"2026-03-12T00:08:05","slug":"les-voyages-a-velo-de-benoit","status":"publish","type":"portfolio","link":"https:\/\/elise-roy.fr\/index.php\/portfolio\/les-voyages-a-velo-de-benoit\/","title":{"rendered":"Les voyages \u00e0 v\u00e9lo de Benoit"},"content":{"rendered":"\n<p>Cr\u00e9ation d&rsquo;un site internet pour un ing\u00e9nieur passionn\u00e9 de voyages \u00e0 v\u00e9lo.<\/p>\n\n\n\n<figure class=\"wp-block-embed is-type-video is-provider-youtube wp-block-embed-youtube wp-embed-aspect-16-9 wp-has-aspect-ratio\"><div class=\"wp-block-embed__wrapper\">\n<iframe loading=\"lazy\" title=\"Cr\u00e9ation d&#039;un site internet - Les voyages \u00e0 v\u00e9lo de Benoit\" width=\"950\" height=\"534\" src=\"https:\/\/www.youtube.com\/embed\/opS46qogNt4?feature=oembed\" frameborder=\"0\" allow=\"accelerometer; autoplay; clipboard-write; encrypted-media; gyroscope; picture-in-picture; web-share\" referrerpolicy=\"strict-origin-when-cross-origin\" allowfullscreen><\/iframe>\n<\/div><\/figure>\n","protected":false},"excerpt":{"rendered":"<p>Cr\u00e9ation d&rsquo;un site internet pour un ing\u00e9nieur passionn\u00e9 de voyages \u00e0 v\u00e9lo.<\/p>\n","protected":false},"author":1,"featured_media":535,"menu_order":0,"comment_status":"closed","ping_status":"closed","template":"","format":"standard","meta":{"om_disable_all_campaigns":false,"_uf_show_specific_survey":0,"_uf_disable_surveys":false,"_vp_format_video_url":"","_vp_image_focal_point":[],"_joinchat":[],"footnotes":""},"portfolio_category":[],"portfolio_tag":[],"class_list":["post-533","portfolio","type-portfolio","status-publish","format-standard","has-post-thumbnail","hentry"],"aioseo_notices":[],"_links":{"self":[{"href":"https:\/\/elise-roy.fr\/index.php\/wp-json\/wp\/v2\/portfolio\/533","targetHints":{"allow":["GET"]}}],"collection":[{"href":"https:\/\/elise-roy.fr\/index.php\/wp-json\/wp\/v2\/portfolio"}],"about":[{"href":"https:\/\/elise-roy.fr\/index.php\/wp-json\/wp\/v2\/types\/portfolio"}],"author":[{"embeddable":true,"href":"https:\/\/elise-roy.fr\/index.php\/wp-json\/wp\/v2\/users\/1"}],"replies":[{"embeddable":true,"href":"https:\/\/elise-roy.fr\/index.php\/wp-json\/wp\/v2\/comments?post=533"}],"version-history":[{"count":1,"href":"https:\/\/elise-roy.fr\/index.php\/wp-json\/wp\/v2\/portfolio\/533\/revisions"}],"predecessor-version":[{"id":536,"href":"https:\/\/elise-roy.fr\/index.php\/wp-json\/wp\/v2\/portfolio\/533\/revisions\/536"}],"wp:featuredmedia":[{"embeddable":true,"href":"https:\/\/elise-roy.fr\/index.php\/wp-json\/wp\/v2\/media\/535"}],"wp:attachment":[{"href":"https:\/\/elise-roy.fr\/index.php\/wp-json\/wp\/v2\/media?parent=533"}],"wp:term":[{"taxonomy":"portfolio_category","embeddable":true,"href":"https:\/\/elise-roy.fr\/index.php\/wp-json\/wp\/v2\/portfolio_category?post=533"},{"taxonomy":"portfolio_tag","embeddable":true,"href":"https:\/\/elise-roy.fr\/index.php\/wp-json\/wp\/v2\/portfolio_tag?post=533"}],"curies":[{"name":"wp","href":"https:\/\/api.w.org\/{rel}","templated":true}]}}

Les voyages à vélo de Benoit

<p>Création d&rsquo;un site internet pour un ingénieur passionné de voyages à vélo.</p>



<figure class="wp-block-embed is-type-video is-provider-youtube wp-block-embed-youtube wp-embed-aspect-16-9 wp-has-aspect-ratio"><div class="wp-block-embed__wrapper">
<iframe loading="lazy" title="Création d&#039;un site internet - Les voyages à vélo de Benoit" width="950" height="534" src="https://www.youtube.com/embed/opS46qogNt4?feature=oembed" frameborder="0" allow="accelerometer; autoplay; clipboard-write; encrypted-media; gyroscope; picture-in-picture; web-share" referrerpolicy="strict-origin-when-cross-origin" allowfullscreen></iframe>
</div></figure>

<p>Création d&rsquo;un site internet pour un ingénieur passionné de voyages à vélo.</p>
